visor of b and j?
9
Let d = 191 + -176. Let b = -27 + 192. What is the greatest common factor of b and d?
15
Let x(p) = -1 + 0*p**3 + p - 4*p**2 - 2*p**3 - 2*p. Let b be x(-3). Calculate the highest common factor of b and 4.
4
Suppose 10 - 2 = 4*s. Suppose s*f - f = 4. Suppose 0 = -2*h - 3*q + 15 - 2, f*q = -3*h + 21. Calculate the highest common factor of h and 88.
11
Let t be (1 + (-6)/9)/(2/108). Calculate the greatest common divisor of t and 81.
9
Let b(n) = -4*n**3 + n**2 - 2*n - 1. Let y(a) = -a**2 - 4*a + 10. Let q be y(-6). Let x be b(q). What is the greatest common divisor of x and 26?
13
Let l(w) = -w**2 + 3*w + 4. Let r be l(3). Suppose 21 = 3*z - 0*q - 4*q, -27 = -r*z + 5*q. Calculate the greatest common divisor of z and 1.
1
Let j(n) = n**2 + n + 2. Let h be j(-2). Suppose -v + g = -1, -5*v - 2*g = -4*g - 20. Calculate the highest common divisor of v and h.
2
Let j(f) = -3 + 4*f**3 + 2 + 6*f**2 - f - 3*f**3. Let k be j(-6). What is the highest common factor of k and 40?
5
Let c = -16 + 25. Suppose -r - 11 = -u + 34, -u = 3*r - 45. Calculate the greatest common factor of c and u.
9
Suppose -3*x + 56 = x. Let v be x/(-21)*18/(-4). What is the greatest common divisor of v and 33?
3
Let n = -12 - -8. Let t = n + 7. Calculate the highest common divisor of 33 and t.
3
Let t = 53 - 44. Calculate the greatest common divisor of 63 and t.
9
Let y(l) = -2*l - 1. Let j be y(-4). Suppose 2*d = -4*c + 4, -2*c - 5 - 13 = -4*d. Let u be 1 - 0 - (-2 - d). What is the highest common divisor of j and u?
7
Let l = -100 - -138. Let q(x) = x**2 - x - 1. Let k be q(5). Calculate the greatest common divisor of l and k.
19
Suppose 10*z - 6*z + 8 = 0. Let f be (-8)/z - (-2 + 2). Let x be 2/(0 + -2)*-1. Calculate the highest common factor of x and f.
1
Let p = -26 - -34. Calculate the highest common divisor of p and 72.
8
Suppose 48 - 146 = -7*t. What is the highest common factor of 182 and t?
14
Suppose -25 + 5 = 4*f. Let d = -1 - f. What is the highest common factor of d and 4?
4
Let b(j) = 11*j**3 + j**2 - 3*j - 2. Let k be b(2). Calculate the highest common divisor of 12 and k.
12
Let n(v) = -39*v - 5. Let a be n(6). Suppose -4*s - 355 = -1779. Let g = s + a. What is the greatest common factor of g and 13?
13
Let k(b) be the second derivative of -b**5/20 - 5*b**4/12 - 3*b**2/2 - 7*b. Let a be k(-6). Calculate the highest common factor of a and 11.
11
Let k be (-2 - -3)/(4/(-20)). Let r(s) = 2*s**2 + 4*s + 2. Let p be r(k). Let o(i) = 2*i. Let n be o(4). Calculate the highest common factor of p and n.
8
Let f(s) = s**2 + 2*s - 3. Let v be f(-4). Suppose -v*r + 0 = -15. Calculate the highest common divisor of r and 21.
3
Let k = -136 + 144. What is the highest common factor of k and 152?
8
Let o(y) = y. Let h be o(5). Suppose -3*p = m + 4, 0*m - m + p - 12 = 0. Let r be ((-14)/h)/(2/m). Calculate the highest common factor of r and 126.
14
Suppose 20 = 5*q - 30. Calculate the highest common factor of 15 and q.
5
Suppose -4*k = 3*n - 59, -4*k = -n - 0*n - 55. Suppose 126 = -4*p + 5*p. Calculate the greatest common divisor of k and p.
14
Suppose -5*c - 3*h = -0*h - 18, -3*c + 11 = 2*h. What is the greatest common divisor of c and 27?
3
Let y be 93/15 + 3/(-15). What is the greatest common divisor of y and 18?
6
Let a(w) = 61*w + 4. Let i be a(3). Let q = -22 - -39. What is the highest common divisor of i and q?
17
Suppose -7*t = -987 + 315. Calculate the highest common factor of 12 and t.
12
Let v = 1 - 5. Let f be v/24 - (-170)/12. What is the highest common divisor of f and 112?
14
Let o be (9/6)/((-12)/(-128)). What is the greatest common factor of 8 and o?
8
Let f = -6 - -12. Suppose 24 = -f*p + 9*p. Calculate the greatest common factor of 88 and p.
8
Suppose 5*d + 2*p + 147 = 0, -57 = 2*d - p - 0*p. Suppose -224 = -3*m + 25. Let s = d + m. What is the greatest common factor of 6 and s?
6
Let p = 396 + -274. Suppose 0 = -3*b + p - 35. Calculate the highest common divisor of 232 and b.
29
Suppose 26 = a - 4*u - 12, -17 = -a - 3*u. What is the greatest common divisor of 130 and a?
26
Suppose d + 2 = 0, -r = 3*r - 2*d - 448. Let v be 1 + -1 + -1 + r. Calculate the greatest common factor of 11 and v.
11
Suppose 0 = -4*q - 4*r + 316, 4*q + 0*r = 3*r + 323. What is the highest common divisor of 10 and q?
10
Suppose -j + 1 = -2. Let w = j + 10. Calculate the highest common factor of w and 39.
13
Suppose -2*s = 48 - 50. Let x(t) = 9*t - 1. Let b be x(1). What is the highest common factor of s and b?
1
Suppose -x + 5*m + 2 = -23, 8 = -4*m. Calculate the greatest common factor of x and 165.
15
Let h = 122 + -109. Suppose 0*m = 2*m - 4*p - 192, 0 = -3*m + 4*p + 296. Calculate the greatest common factor of m and h.
13
Let t be 23 - (2 + 20/(-4)). What is the highest common divisor of 13 and t?
13
Suppose -q + 1 = -z + 10, 0 = 4*z + 4*q - 12. Let f = 3 - z. Let r = -1 - f. What is the highest common factor of r and 4?
2
Suppose 2*t = 3*t - 702. Let l be t/7 + (-8)/28. Calculate the highest common divisor of l and 40.
20
Suppose 4*v + 2 = -a + 52, -4*a = -2*v + 34. Let t = 23 - v. Suppose z + 88 = 4*m - 72, 5*m - 200 = -3*z. What is the highest common factor of t and m?
10
Let f be (1 - 0)*(-7 + 5). Let v(q) = 4*q**2 - q - 1. Let n be v(f). Calculate the greatest common divisor of n and 34.
17
Let g = 4 + 0. What is the highest common factor of 16 and g?
4
Let o = 170 + -115. Calculate the highest common factor of o and 11.
11
Let k(o) = -16*o - 137. Let t be k(-10). Let r(y) = 2*y**2 + 5*y + 4. Let v be r(-6). What is the highest common divisor of v and t?
23
Let b(h) = 2*h**2 - 8*h - 16. Let k be b(7). Calculate the greatest common factor of 234 and k.
26
Let t = 74 + -49. Suppose -3*b = 4*s - 26, -5*b + 5 = -2*s + s. Calculate the highest common divisor of t and s.
5
Suppose -4*w + 13 + 23 = 0. What is the greatest common divisor of 36 and w?
9
Let f be (-1)/(-4) + (4 - (-110)/8). What is the highest common factor of f and 162?
18
Let u(i) = i + 2. Let m be u(4). Let s be (-2)/6 - (-728)/m. Calculate the greatest common factor of s and 11.
11
Let w(g) = 4 + 4 - 2*g + 3*g. Let y be w(-7). Let c be (-5 - -13) + (0 - y). What is the highest common divisor of 7 and c?
7
Suppose -3*v - 88 = 2*j, 5*j + 116 = -4*v + 2*j. Let z = -22 - v. Suppose 0*x - z = -5*x. Calculate the greatest common factor of x and 1.
1
Suppose -3*z - 83 = -5*l, -4*l + 24 = -4*z - 36. Calculate the greatest common divisor of l and 19.
19
Let l be (-2)/(-5) + 28/(-20). Let a be (l - -2)*43 + -1. Let t = 81 - 53. Calculate the greatest common factor of a and t.
14
Suppose 70 = -7*m + 2*m. Let p be (60/(-14))/(2/m). Let b = 24 + -4. What is the greatest common divisor of p and b?
10
Let t(x) = x**3 + 4*x**2 - 4*x - 3. Let s be t(-3). What is the greatest common factor of 90 and s?
18
Suppose 0 = -2*h - 3*h + 10. Suppose 8 - h = c. Suppose -5*f + p = -38, -4*p - c = -2*f + 2. What is the greatest common divisor of 8 and f?
8
Suppose 0 = 10*b - 3*b - 252. What is the greatest common divisor of 4 and b?
4
Let i = 6 + -2. Let k = i + 0. Let u be (-3)/3*4*-5. Calculate the greatest common divisor of k and u.
4
Let a be (-2)/(-3)*5*3. Let b(m) = -4*m - 3*m + 5*m. Let u be b(-5). Calculate the highest common divisor of a and u.
10
Let o be (0 - -1)*126/3. Let f = 9 - -5. What is the highest common factor of f and o?
14
Suppose -h - 3*r + 13 = 0, 3*h + 13 + 8 = 3*r. Let w be (-1 - h)*(3 - 1). Suppose 0 = -w*d + d + 6. What is the greatest common divisor of d and 12?
6
Let p be (-2 - -14)*44/8. Let k = -10 - -4. Let n be 0 + 1 - (k - -1). What is the highest common factor of p and n?
6
Let v(y) = -y**3 - 3*y**2 + 4*y + 4. Let a be v(-4). Suppose -c = -a*c - 75. Let l = -18 - c. Calculate the greatest common divisor of 7 and l.
7
Suppose -5*r = -r - 64. What is the greatest common factor of 24 and r?
8
Let v(i) = 5*i - 3 + 3 + 0*i**2 + i**2 + 11. Let z be v(-8). What is the highest common divisor of 5 and z?
5
Let c = -67 + 41. Let h be -1 - (c + 2/2). What is the highest common factor of 12 and h?
12
Let r(c) = -5*c - 1. Let f be 4/10*(9 - 29). Let j be r(f). Calculate the greatest common factor of 26 and j.
13
Let p be (-2)/7 + 288/28. Suppose -u = -21 + 6. What is the greatest common divisor of p and u